remainder when 1922144 is divided by 635.
634
What is the remainder when 2905 is divided by 725?
5
What is the remainder when 269588 is divided by 478?
474
What is the remainder when 5827 is divided by 581?
17
What is the remainder when 362195 is divided by 25869?
29
Calculate the remainder when 38534 is divided by 105.
104
What is the remainder when 1547846 is divided by 9?
8
What is the remainder when 93006 is divided by 1937?
30
Calculate the remainder when 1134 is divided by 212.
74
Calculate the remainder when 3397 is divided by 9.
4
Calculate the remainder when 6313 is divided by 1973.
394
What is the remainder when 159345 is divided by 39834?
9
What is the remainder when 193452 is divided by 114?
108
Calculate the remainder when 6873 is divided by 352.
185
What is the remainder when 30103 is divided by 386?
381
What is the remainder when 32547 is divided by 31?
28
Calculate the remainder when 54430 is divided by 42.
40
Calculate the remainder when 968 is divided by 76.
56
What is the remainder when 2731 is divided by 960?
811
Calculate the remainder when 3405631 is divided by 69.
67
Calculate the remainder when 5169 is divided by 1714.
27
What is the remainder when 13093 is divided by 544?
37
Calculate the remainder when 22388 is divided by 213.
23
Calculate the remainder when 465539 is divided by 77.
74
Calculate the remainder when 75571 is divided by 28.
27
What is the remainder when 9996 is divided by 606?
300
What is the remainder when 270 is divided by 132?
6
What is the remainder when 280096 is divided by 287?
271
Calculate the remainder when 3328585 is divided by 10.
5
Calculate the remainder when 2712 is divided by 484.
292
What is the remainder when 5613 is divided by 59?
8
Calculate the remainder when 776649 is divided by 14.
13
What is the remainder when 20451 is divided by 951?
480
Calculate the remainder when 1089 is divided by 437.
215
Calculate the remainder when 9399 is divided by 7.
5
What is the remainder when 2998 is divided by 300?
298
Calculate the remainder when 85526 is divided by 1296.
1286
What is the remainder when 158 is divided by 145?
13
What is the remainder when 404093 is divided by 704?
701
What is the remainder when 5657 is divided by 1880?
17
Calculate the remainder when 38089 is divided by 1058.
1
What is the remainder when 15961 is divided by 82?
53
What is the remainder when 116708 is divided by 59?
6
What is the remainder when 10066 is divided by 324?
22
Calculate the remainder when 1114335 is divided by 194.
193
Calculate the remainder when 1194476 is divided by 15.
11
Calculate the remainder when 438377 is divided by 43833.
47
Calculate the remainder when 4215 is divided by 51.
33
What is the remainder when 1408 is divided by 64?
0
Calculate the remainder when 3284 is divided by 826.
806
Calculate the remainder when 2210 is divided by 36.
14
What is the remainder when 448890 is divided by 36?
6
What is the remainder when 16486 is divided by 5399?
289
Calculate the remainder when 1169 is divided by 407.
355
What is the remainder when 9805 is divided by 170?
115
Calculate the remainder when 21982 is divided by 687.
685
What is the remainder when 50743 is divided by 35?
28
Calculate the remainder when 12782 is divided by 59.
38
What is the remainder when 11291 is divided by 60?
11
Calculate the remainder when 93759 is divided by 524.
487
What is the remainder when 2675 is divided by 1170?
335
Calculate the remainder when 84803 is divided by 28267.
2
What is the remainder when 824740 is divided by 486?
484
What is the remainder when 2590 is divided by 101?
65
What is the remainder when 17820 is divided by 2545?
5
What is the remainder when 164916 is divided by 19?
15
What is the remainder when 4235565 is divided by 103?
102
What is the remainder when 2802524 is divided by 165?
164
Calculate the remainder when 521468 is divided by 9.
8
Calculate the remainder when 7610 is divided by 49.
15
What is the remainder when 3736 is divided by 234?
226
Calculate the remainder when 13819 is divided by 6899.
21
What is the remainder when 78741 is divided by 169?
156
What is the remainder when 8002 is divided by 773?
272
What is the remainder when 62257 is divided by 6225?
7
Calculate the remainder when 47853 is divided by 64.
45
Calculate the remainder when 27701 is divided by 126.
107
What is the remainder when 43700 is divided by 37?
3
Calculate the remainder when 455587 is divided by 53.
52
Calculate the remainder when 191842 is divided by 47956.
18
What is the remainder when 98 is divided by 18?
8
Calculate the remainder when 544 is divided by 526.
18
What is the remainder when 6153 is divided by 621?
564
Calculate the remainder when 3045 is divided by 1008.
21
Calculate the remainder when 1350 is divided by 280.
230
What is the remainder when 194047 is divided by 6467?
37
What is the remainder when 2688 is divided by 268?
8
Calculate the remainder when 1874 is divided by 22.
4
Calculate the remainder when 40770 is divided by 301.
135
What is the remainder when 181994 is divided by 363?
131
Calculate the remainder when 147856 is divided by 666.
4
Calculate the remainder when 57805 is divided by 16.
13
What is the remainder when 367481 is divided by 382?
379
What is the remainder when 6461 is divided by 132?
125
What is the remainder when 262135 is divided by 99?
82
Calculate the remainder when 164653 is divided by 3430.
13
Calculate the remainder when 529958 is divided by 16059.
11
Calculate the remainder when 9728 is divided by 2293.
556
Calculate the remainder when 9033 is divided by 817.
46
What is the remainder when 5262 is divided by 127?
55
Calculate the remainder when 4433 is divided by 332.
117
What is the remainder when 314564 is divided by 39?
29
What is the remainder when 53956 is divided by 53949?
7
Calculate the remainder when 2024 is divided by 16.
8
What is the remainder when 19036 is divided by 1464?
4
Calculate the remainder when 333 is divided by 140.
53
What is the remainder when 136687 is divided by 21?
19
What is the remainder when 127871 is divided by 17?
14
Calculate the remainder when 26937 is divided by 998.
989
What is the remainder when 19261 is divided by 9450?
361
Calculate the remainder when 244757 is divided by 81582.
11
What is the remainder when 128691 is divided by 42897?
0
Calculate the remainder when 1242870 is divided by 86.
84
What is the remainder when 742207 is divided by 53013?
25
Calculate the remainder when 4497 is divided by 50.
47
Calculate the remainder when 1724 is divided by 1708.
16
What is the remainder when 210 is divided by 70?
0
What is the remainder when 21624 is divided by 1289?
1000
Calculate the remainder when 6872 is divided by 626.
612
Calculate the remainder when 1383 is divided by 1274.
109
What is the remainder when 1069 is divided by 165?
79
Calculate the remainder when 1791 is divided by 1730.
61
What is the remainder when 6133 is divided by 88?
61
What is the remainder when 1486 is divided by 235?
76
Calculate the remainder when 10012 is divided by 169.
41
What is the remainder when 701926 is divided by 61?
60
What is the remainder when 2336 is divided by 615?
491
Calculate the remainder when 67982 is divided by 228.
38
What is the remainder when 8286 is divided by 370?
146
Calculate the remainder when 14700 is divided by 169.
166
What is the remainder when 30968 is divided by 774?
8
What is the remainder when 405 is divided by 23?
14
What is the remainder when 5000 is divided by 18?
14
Calculate the remainder when 611139 is divided by 14.
11
What is the remainder when 56367 is divided by 11218?
277
What is the remainder when 335834 is divided by 1815?
59
What is the remainder when 1544 is divided by 43?
39
Calculate the remainder when 181238 is divided by 551.
510
What is the remainder when 4268 is divided by 710?
8
Calculate the remainder when 65847 is divided by 130.
67
What is the remainder when 10139 is divided by 180?
59
What is the remainder when 54805 is divided by 3220?
65
What is the remainder when 2326 is divided by 581?
2
Calculate the remainder when 303395 is divided by 8.
3
What is the remainder when 1477 is divided by 46?
5
What is the remainder when 79357 is divided by 3605?
47
Calculate the remainder when 14044 is divided b